96
Let b(x) = x**3 - 57*x**2 + 371*x - 50. What is b(7)?
97
Let a(p) = -2880*p**3 - 6*p**2 - 8*p - 8. Give a(-1).
2874
Let r(b) = -b**3 + b**2 + 4*b + 1068. What is r(0)?
1068
Let l(i) = -i**2 - 13170*i + 13166. Determine l(1).
-5
Let t(i) = 4*i**2 - 271*i - 3089. Give t(-10).
21
Let j(k) = k**3 + 28*k**2 + 109*k + 3439. Calculate j(-26).
1957
Let v(s) = -368*s - 3363. Give v(-8).
-419
Let w(n) = 8167*n - 49014. Determine w(6).
-12
Let u(d) = -d**3 + 37*d**2 + 94*d + 1064. Determine u(40).
24
Let x(s) = 2*s**2 - 80*s + 20. Determine x(35).
-330
Let j(d) = -3*d**3 + 26*d**2 - 375*d + 3451. What is j(9)?
-5
Let a(j) = 5*j**2 + 693*j + 19806. Calculate a(-98).
-88
Let o(v) = 3298*v + 18680. What is o(-5)?
2190
Let w(h) = 250*h - 19070. Calculate w(67).
-2320
Let q(s) = -16439*s - 49343. Determine q(-3).
-26
Let g(d) = -19794*d + 217714. Give g(11).
-20
Let a(y) = y**3 + 48*y**2 - 177*y - 1167. Give a(-51).
57
Let g(f) = 166*f**3 - 43*f**2 - 165*f + 7. Give g(-3).
-4367
Let c(g) = 3*g**3 - 594*g**2 + g - 29. Calculate c(198).
169
Let s(d) = 15062*d - 437075. What is s(29)?
-277
Let w(b) = -1133*b - 13268. What is w(-11)?
-805
Let v(x) = -2458*x - 2267. Calculate v(-1).
191
Let o(u) = -3410*u + 6895. What is o(2)?
75
Let n(k) = -51*k**2 + 5661*k + 145. What is n(111)?
145
Let x(s) = 23437*s - 257802. What is x(11)?
5
Let t(h) = h**3 + 91*h**2 - 2786*h - 6661. Determine t(26).
-5
Let j(d) = -8149*d - 961585. What is j(-118)?
-3
Let n(x) = x**2 - 258*x - 2124. Determine n(-8).
4
Let d(r) = -47*r**2 - 5993*r + 17980. Determine d(3).
-422
Let j(w) = -2*w**2 - 17183*w - 496561. What is j(-29)?
64
Let m(s) = -1278*s - 448571. What is m(-351)?
7
Let q(l) = l**2 + 11235*l - 3413189. Calculate q(296).
-13
Let c(a) = -908*a - 111568. What is c(-123)?
116
Let o(a) = -2*a**3 + 37*a**2 - 9*a - 150. What is o(18)?
12
Let i(r) = -52*r**2 + 1546*r + 425. Give i(30).
5
Let j(a) = -46*a**3 - 5*a**2 - 12*a - 6. Calculate j(-1).
47
Let p(o) = -60*o - 15139. What is p(-241)?
-679
Let a(k) = -533*k + 495. Determine a(10).
-4835
Let x(u) = 148*u**2 - 14535*u - 73025. Give x(103).
2
Let r(z) = -85017*z + 765147. Calculate r(9).
-6
Let r(v) = -7216*v - 57437. Calculate r(-8).
291
Let k(j) = 85*j**3 - 2*j**2 - 68*j - 64. Calculate k(-1).
-83
Let t(a) = -42*a**2 + 264*a - 306. Give t(9).
-1332
Let f(g) = -129314*g - 1034464. What is f(-8)?
48
Let y(m) = 1152*m - 30991. Give y(29).
2417
Let x(k) = 2*k**2 + 544*k - 2211. What is x(4)?
-3
Let y(b) = -91*b**2 + 451*b - 52. Calculate y(6).
-622
Let s(x) = 25*x**2 + 1827*x + 158. What is s(-73)?
12
Let b(s) = -s**3 - 588*s**2 - 28833*s + 125. What is b(-54)?
-37
Let q(j) = -4*j**3 - 172*j**2 - 45*j - 56. Calculate q(-43).
1879
Let g(n) = -n**3 + 325*n**2 - 26393*n + 6655. Give g(155).
-10
Let a(i) = -3*i**2 + 40*i + 520. Determine a(31).
-1123
Let j(r) = -r**3 + 87*r**2 + 382*r - 873. What is j(91)?
765
Let d(f) = -f**2 + 10232*f + 92178. Give d(-9).
9
Let b(q) = 2*q**3 + 62*q**2 - 190*q - 47. What is b(3)?
-5
Let f(g) = g**3 - 5*g**2 + 45*g - 732. What is f(13)?
1205
Let o(g) = -3*g**2 + 292*g - 2868. Determine o(82).
904
Let j(p) = -p**3 + 191*p**2 - 5223*p - 124. What is j(33)?
-421
Let a(n) = -647384*n + 5826472. Give a(9).
16
Let j(n) = n**3 - 118*n**2 - 1416*n - 373. Give j(129).
14
Let w(k) = 517*k**2 - 498393*k + 4824. Give w(964).
4
Let q(o) = 132349*o + 5161597. Give q(-39).
-14
Let j(b) = -19231*b - 96153. Give j(-5).
2
Let n(x) = 94646*x + 2271507. Calculate n(-24).
3
Let v(a) = -45*a**2 - 2270*a - 1019. Determine v(-50).
-19
Let n(t) = 2918*t + 20724. Calculate n(-7).
298
Let b(z) = -258728*z - 258603. Give b(-1).
125
Let y(b) = 43*b**2 + 1132*b + 413. What is y(-26)?
49
Let x(s) = -17*s**2 - 2950*s + 15171. Give x(5).
-4
Let s(i) = i**3 - 104*i**2 + 2657*i - 752. What is s(44)?
-4
Let d(y) = 196*y - 2931. What is d(15)?
9
Let u(o) = 351*o**2 - 2081*o + 2080. Calculate u(1).
350
Let a(x) = 21*x**2 - 2642*x - 473. What is a(126)?
31
Let g(y) = -808*y + 13230. What is g(20)?
-2930
Let a(y) = 5151*y + 10305. Determine a(-2).
3
Let c(b) = -6578*b - 677606. Calculate c(-103).
-72
Let b(k) = 3*k**3 + 469*k**2 + 8020*k + 1226781. What is b(-156)?
-3
Let o(q) = 42*q**3 - 270*q**2 + 156*q - 339. Calculate o(6).
-51
Let a(t) = -t**3 + 2*t**2 - 54*t + 470. Give a(6).
2
Let x(z) = z**2 - 1247*z + 11113. Give x(9).
-29
Let z(n) = 891*n + 26760. Give z(-30).
30
Let v(k) = -12942*k - 142357. Calculate v(-11).
5
Let n(r) = 3*r**3 + r**2 + 71*r - 245. Determine n(3).
58
Let t(b) = b**3 + 34*b**2 - 25*b + 201. Determine t(-35).
-149
Let u(v) = 114648*v + 687884. What is u(-6)?
-4
Let z(q) = -2114*q + 105692. Determine z(50).
-8
Let k(n) = -27*n**2 + 397*n + 47. Calculate k(15).
-73
Let d(x) = 75*x + 1369. Determine d(33).
3844
Let x(m) = -50086*m - 651068. Calculate x(-13).
50
Let v(x) = -271*x + 16360. Calculate v(65).
-1255
Let w(b) = b**3 - 38*b**2 + 193*b + 151. Calculate w(32).
183
Let t(q) = 26042*q - 5260477. Give t(202).
7
Let q(x) = 2*x**3 - 75*x**2 - 669*x - 247. Calculate q(45).
23
Let w(d) = d**2 - 84*d - 3622. Give w(-29).
-345
Let f(q) = -q**2 - 329*q - 15878. Determine f(-59).
52
Let j(g) = -249*g**2 - 1279*g - 181. Calculate j(-5).
-11
Let v(x) = 738*x**2 + 25846*x + 596. What is v(-35)?
36
Let z(b) = 468*b - 116931. Give z(249).
-399
Let c(y) = -12574*y - 3847651. What is c(-306)?
-7
Let w(v) = -v**3 - 30*v**2 + 197*v + 53. Calculate w(6).
-61
Let q(c) = -2*c**3 + 319*c**2 + 11590*c + 30. What is q(190)?
30
Let d(x) = -6*x**2 - 9540*x + 2076600. Determine d(194).
24
Let y(u) = 16*u**2 + 2306*u + 13372. Calculate y(-6).
112
Let r(y) = y**2 + 299*y - 2437. Calculate r(-308).
335
Let z(a) = 2*a**2 + 166101*a + 1162600. What is z(-7)?
-9
Let f(r) = -4*r**2 + 724*r + 60056. Determine f(243).
-208
Let o(h) = -237*h + 4033. Determine o(17).
4
Let z(k) = -4417*k - 887837. Calculate z(-201).
-20
Let x(s) = -21*s**2 + 2129*s - 2114. Determine x(1).
-6
Let a(p) = -128762*p - 2446538. Give a(-19).
-60
Let l(y) = -y**3 - 24*y**2 + 764*y + 261. Determine l(-42).
-75
Let q(f) = -2638*f + 139820. What is q(53)?
6
Let a(h) = -339*h - 40701. Calculate a(-120).
-21
Let s(g) = -2*g**3 + 14*g**2 + 155*g - 1015. What is s(6)?
-13
Let d(q) = -4*q**3 + 34*q**2 + 218*q + 251. Calculate d(-3).
11
Let i(m) = -m**3 + 30*m**2 - 2206*m + 69213. Calculate i(31).
-134
Let d(j) = -5*j**3 + 87*j**2 + 3094*j - 471. Give d(35).
19
Let c(x) = -x**3 + 42*x**2 + 77*x + 1026. Determine c(42).
4260
Let o(z) = -7997*z + 519796. What is o(65)?
-9
Let d(k) = 355*k + 19326. What is d(-49)?
1931
Let i(g) = 761*g**2 - 50*g + 2. Calculate i(1).
713
Let a(i) = -8*i**2 + 6225*i - 24817. Calculate a(4).
-45
Let x(d) = 459515*d - 42275375. Determine x(92).
5
Let z(g) = -8*g - 918. Give z(-78).
-294
Let j(p) = -84*p**2 + 193*p + 90. What is j(4)?
-482
Let k(x) = 40*x**2 - 3201*x + 153. Give k(80).
73
Let w(z) = 127560*z + 765343. What is w(-6)?
-17
Let s(v) = 116*v - 30627. What is s(264)?
-3
Let u(o) = -1149*o + 12565. Give u(11).
-74
Let g(v) = -v**3 + 500*v**2 + 4075*v - 25. Give g(-8).
-113
Let m(h) = 2580*h - 79942. Give m(31).
38
Let j(a) = 7473*a - 97162. Calculate j(13).
-13
Let o(v) = 14*v**2 + 40*v + 308. Determine o(6).
1052
Let n(v) = 10779*v - 258660. Calculate n(24).
36
Let c(g) = -g**2 - 102*g + 19613. Determine c(98).
13
Let z(y) = -5*y**3 + 376*y**2 - 439*y - 1032. What is z(74)?
-662
Let f(y) = -55*y + 1688. Give f(5).
1413
Let u(j) = -28984*j - 231871. Give u(-8).
1
Let y(c) = 3513*c + 181891. Give y(-52).
-785
Let c(m) = 17686*m + 141700. Calculate c(-8).
212
Let t(g) = -649*g + 1318. Give t(3).
-629
Let l(n) = 19*n**3 + 81*n**2 - 5*n - 25. Determine l(-4).
75
Let q(r) = -30*r**3 - 3457*r**2 - 4223*r - 615. Calculate q(-114).
-45
Let o(f) = -470*f**2 + 2183*f + 870. Give o(5).
35
Let s(u) = -11*u**3 + 154*u**2 + 185*u - 2627. Determine s(14).
-37
Let l(w) = 640*w - 10705. Determine l(17).
175
Let y(k) = -5*k**2 + 3572*k - 167326. What is y(664)?
2
Let x(r) = 2*r**3 + 109*r**2 + 177*r - 68. Give x(-2).
-2
Let s(p) = 78*p + 6294. What is s(-70)?
834
Let f(o) = o**3 + 92*o**2 - 157*o + 2836. Determine f(-94).
-78
Let l(g) = -2243*g + 148021. What is l(66)?
-17
Let d(r) = -7871*r - 24011. Determine d(-3).
-398
Let p(h) = -h**2 - 20379*h - 285126. Cal